 Is ((-33292)/(-8))/7*w composite?
True
Let v = -626 - -591. Is 5/25 + (-30408)/v a prime number?
False
Let r(x) = -260*x**3 + 5*x**2 - 66*x - 864. Is r(-13) a prime number?
True
Suppose -2*i = -4*r + 14 - 0, -r - 4 = i. Let s(z) be the second derivative of -57*z**3/2 - z**2 + 10*z - 9. Is s(i) a prime number?
True
Suppose 6 = 2*x + 2. Suppose -5931 = 33*b - 38*b - 3*m, -2*m + 2374 = 2*b. Suppose -649 = -x*h + 4*p + b, 2*h = 2*p + 1836. Is h a prime number?
True
Let s = -438 + 442. Suppose 5*u + 0*u + 4390 = 5*v, 0 = -4*u - s. Is v composite?
False
Suppose n - 503 = -499. Suppose n*s - 11439 = -5*s. Is s a composite number?
True
Suppose 4*g - 56085 = -3*v, -5*g - 12 = -42. Is v prime?
False
Suppose d - 39 = -2*d. Let r be 448/208 + (-2)/d. Suppose -534 = -3*n + 5*b, -4*n = r*b - 384 - 328. Is n prime?
False
Let d(x) = -8883*x - 19. Let n be d(5). Let g = -26411 - n. Is g prime?
False
Is (2/(-4))/((-2397980)/342568 - (19 + -26)) a prime number?
True
Suppose -3*h + 9 = 0, 270659 = 7*j - 6*j + 2*h. Is j prime?
True
Let r(i) = 113137*i**2 + 466*i - 2. Is r(-1) composite?
True
Let w(u) = u**3 + 6*u**2 + 6*u - 4. Let l be w(-3). Is l/3*(-30)/75*-381 a composite number?
True
Let q = -453 + 453. Suppose q = -13*r + 24240 + 1097. Is r a composite number?
False
Let k = 51531 + -13418. Is k composite?
False
Suppose 0 = 68*k + 848355 - 219219. Let o = k - -14341. Is o a prime number?
False
Suppose 15*u - 687183 = 4*u + 1166966. Is u prime?
True
Suppose -47 = -9*r - 20. Suppose 0 = -5*w + 12 + 8. Is (-14)/r*(-1398)/w a composite number?
True
Suppose -5*u - 111087 = -8*u + 3*k, -u = -5*k - 37021. Is u a composite number?
True
Suppose -4783189 = -84*m + 25*m. Is m a prime number?
True
Let s(l) be the third derivative of -l**4/24 + 7*l**3/3 - 16*l**2. Let r be s(13). Is (-13 - r)/(12/(-138)) a composite number?
True
Suppose -19 = 4*c - 3*c + 4*g, 3*c + 5*g = -29. Is (c + 1)*3*(-4491)/27 a composite number?
True
Let h(o) = 439*o - 220. Let l = -980 - -997. Is h(l) composite?
False
Suppose 22*k - 6733860 = -24*k - 14*k. Is k prime?
False
Is (-124960)/(-2) + 9253/(-487) prime?
False
Suppose 0 = 261*s - 259*s + 5*t - 12307, 4*t = -3*s + 18471. Is s a composite number?
True
Let q = 7354 + 27249. Is q composite?
False
Let m be ((-1461)/(-15))/((-5)/(-25)). Suppose -11*c - 1695 = -5919. Let r = c + m. Is r composite?
True
Suppose -16*q + 120727 = -210936 + 32511. Is q a composite number?
True
Let p(u) = 1036*u**2 + 17*u + 52. Let g be p(-13). Suppose 27*s + 2*f - 174918 = 23*s, -4*s + g = -f. Is s a prime number?
False
Is (4 - -1 - 4)*(12952 + -3) composite?
True
Let k(u) = -4849*u - 163. Is k(-8) prime?
True
Let w(u) be the second derivative of -95*u**3/3 + 9*u**2/2 - 9*u + 2. Is w(-14) composite?
True
Suppose -152*c - 153*c + 3552178 = -291*c. Is c prime?
False
Suppose 3*l + 346 = -4*j, 116 = -l + 2*j + 4. Let k = 117 + l. Suppose -u - 4*f + 2809 = 0, -u - k*f + 2319 = -485. Is u composite?
False
Suppose -908 = 3*r - 281. Let f = r - -679. Let u = -259 + f. Is u composite?
False
Suppose 0 = -h + 7*h - 8814. Suppose -7*f + 1469 = c - 12*f, c = 4*f + h. Is c a prime number?
False
Let g(t) be the second derivative of -457*t**5/20 + 7*t**4/12 + 7*t**3/2 + 2*t**2 + 164*t - 2. Is g(-3) a composite number?
False
Suppose -6*n - 169323 = 15*n. Let l = n + 14752. Is l a composite number?
False
Suppose 6*b - 3 = 5*b. Let n(a) = -1 + 1065*a - 3 + b - 3. Is n(1) composite?
False
Is (1/(-2))/(8/(44920992/72996606) - 13) prime?
True
Let x(p) = -2*p + 57. Let f be x(25). Let m(o) = 471*o**2 + 10*o + 10. Is m(f) composite?
False
Let s(c) = c**3 + 9*c**2 + 16*c - 3. Let y be s(-4). Suppose 3*k - 104121 = y*j - 9*j, 5*j = -15. Is k a composite number?
False
Let l(t) = 15070*t - 2484. Is l(5) a prime number?
False
Let c(j) = -7*j - 103. Let n be c(-14). Let p(o) = -40*o - 61. Is p(n) prime?
True
Let f = -52 - -54. Suppose d + 2*s + 14 = 0, -f*d - 3*d - 2*s = 46. Is 6/d + 4780/16 prime?
False
Suppose -101*q = -91*q - 460. Suppose 0 = -q*z + 40*z + 26394. Is z prime?
False
Let r(h) = -64*h + 50. Let l be ((-2 + -4)/(-3))/(3/(-18)). Is r(l) a prime number?
False
Let d(p) = 47*p**3 - p**2 - 67*p + 313. Is d(18) composite?
False
Suppose 11*h = -76*h + 6446526. Is h a prime number?
False
Suppose -11*o + 13*o - 216 = 0. Let s = o + -407. Let m = s - -550. Is m composite?
False
Let h be -5 + 126 - (-2 + -1). Let n(g) = 9 + 1 + 7 + h*g. Is n(8) a composite number?
False
Let l = -363 - -1768. Suppose f + 3*g - 3532 = 0, -4913 = -f + 5*g - l. Is f a composite number?
True
Suppose -2*x - 19162 = 4*m, -5*m - 13*x + 12*x - 23957 = 0. Let a = -2729 - m. Is a composite?
False
Suppose -136*l + 308*l - 159*l = 2376049. Is l a composite number?
False
Suppose 4*p = 3*k + 1884704, -2*k = -3*p + 1340867 + 72660. Is p a composite number?
False
Suppose c = -2*d + 2625269, d + c - 1234826 = 77806. Is d composite?
False
Suppose 13*o - 3 = 12*o. Suppose o*q - 27 = -54. Let z(h) = 7*h**2 - 5*h + 29. Is z(q) prime?
True
Suppose -g + 74565 = -4*p, 5*g + 2*p = 7*g - 149124. Is g composite?
False
Suppose -228826 = -2*p + 2*w, 95867 + 132953 = 2*p - 3*w. Is p a composite number?
False
Let g(f) = 2144*f + 1210985. Is g(0) a prime number?
False
Let x be (-3 - -3 - -1)*(-4 + -1804). Let d be (x/(-6))/(-4)*(-3)/1. Is (d/(-8))/(200/(-32) - -6) prime?
True
Suppose 5*h + 7 + 18 = c, -c + 17 = -3*h. Suppose 155 = -j + 2069. Suppose 0 = r - 5*r + c*u + j, u = -3*r + 1445. Is r a composite number?
True
Let c(m) = 4*m**2 + 34*m - 931. Is c(-50) composite?
False
Suppose -7*w - 14*w = 8*w - 936613. Is w composite?
False
Let v = 75986 - 44517. Is v a composite number?
False
Suppose 2*k - 3987 = k + f, -3*f = k - 3975. Suppose z + 2*s - k = s, 2 = 2*s. Let p = z + -2484. Is p a prime number?
True
Let x(a) = -4*a**3 + a**2 + 5*a + 13. Let q(d) = d**3 - 16*d**2 + 14*d + 8. Let k be q(15). Is x(k) a composite number?
False
Suppose 8*d - 29 = 7*d - 2*x, x = d - 20. Suppose -d*v + 26*v = 13587. Is v composite?
True
Let l(z) = 342*z**2 + 225*z - 2134. Is l(9) a composite number?
True
Let c = 124692 - -62939. Is c a composite number?
False
Let a = 11833 + -7460. Is a a prime number?
True
Let k = 152367 + -63914. Is k composite?
True
Let o(z) = 200733*z**2 - 35*z - 97. Is o(-3) a prime number?
False
Let r(l) = 4*l + 16. Let v be r(-4). Suppose v = -o - 8 + 13. Suppose 2*z - o*n = 823, -3*z + 5*n + 1232 = -0*z. Is z composite?
False
Let h = 37730 - 19833. Is h prime?
False
Suppose 18*s = -4*s + 88. Suppose 418 = s*q - 6594. Is q a prime number?
True
Let y(j) = 12*j**2 - 10*j - 2. Let d be y(-4). Let m = 609 - d. Is m a prime number?
True
Suppose 0 = 5*b - b + 4*a - 6204, -4*a = 3*b - 4654. Suppose -19*l + b = -17*l. Suppose 0*g + g = 2*j + 255, j + l = 3*g. Is g a prime number?
False
Suppose 5*j + 147 = -5*r - 23, j - 4*r + 59 = 0. Let b be (5 + 1)/(-2) + j. Is (-1)/(-4) + b/(-24) - -1791 prime?
False
Suppose -2*q + 26 = 5*a, -4*q - 2*a + 5 + 15 = 0. Suppose -936 - 537 = -q*u. Is u composite?
False
Let o = 22927 + 10204. Is o a composite number?
True
Suppose -2 = -26*x + 28*x. Let l be ((-1)/(-1) - x)/(5/10). Is ((-6)/l)/(3/(-409))*2 prime?
True
Suppose 53*d = 54*d - 4. Let p be (1 + -4)*((-11892)/9)/d. Suppose 2*b - 4*s + p = 5*b, 0 = 5*b + 3*s - 1670. Is b prime?
True
Suppose 4*v + 35772 = 2*z + 859412, 4*v + 4*z - 823676 = 0. Is v a composite number?
False
Let o(k) = -36*k**2 + 8*k + 6. Let m(y) = -36*y**2 + 7*y + 5. Let z(j) = -5*m(j) + 4*o(j). Let x be z(-2). Suppose 7*b - 7670 = x. Is b prime?
True
Let z(v) = -43*v - 49 + 74*v + 100*v - 16. Is z(6) a composite number?
True
Suppose -2*h + 4*b - 20434 = 0, 0 = -3*h - 2*b - 22588 - 8039. Let i = -78 - h. Is i prime?
True
Let m be 7/((-98)/(-595))*62/1. Let b = 5494 + m. Is b a composite number?
True
Suppose 41*j + 97128 = 37*j. Let s = 48918 + j. Suppose 15*n - 3*n = s. Is n prime?
True
Let o(f) be the first derivative of 5*f**4/4 + f**3 - f**2/2 - f - 15. Let p be o(1). Let a(h) = 10*h**3 - 4*h**2 + 6*h - 5. Is a(p) prime?
False
Let h(x) be the second derivative of 23*x**4/3 + 2*x**3/3 + 9*x**2/2 + 15*x. Let c be h(7). Suppose 5853 = 6*y - c. Is y a prime number?
True
Suppose 78 = 5*s - c - 0*c, s = 5*c + 30. Suppose 6*g = 9*g - s. Suppose -4166 = -g*z - 3*w, z - 498 = -3*w + 328.